What is -14 + 6 + (7 - 1)?
-2
Evaluate (0 + -5 - 0) + 6.
1
-4 + (-4 - (-3 + -6))
1
Calculate -4 + 8 + 1 + -4 - 5.
-4
What is the value of (1 - 0 - -5) + 4 - 5?
5
What is the value of 4 + -5 + -1 + 3?
1
Calculate -4 - -12 - (2 - -10).
-4
Evaluate -9 - (-1 - -5) - -10.
-3
Evaluate -31 - -27 - (-5 + 0).
1
What is the value of -3 - (2 - -1 - 6)?
0
What is 3 + -1 + 2 + -3?
1
What is the value of (5 - 2 - (2 - 2)) + -6?
-3
Evaluate -3 - (-2 + -12 + 4).
7
(2 - (-2 - -1)) + (-5 - 3)
-5
Calculate -2 + 3 + 2 + -10 + 9.
2
What is the value of 18 + -23 - (-3 + 1)?
-3
What is the value of 3 + (-7 - -2) - 4?
-6
Evaluate (-5 - -1) + -1 + -12 + 12.
-5
What is the value of 1 - 6 - (-8 - -4)?
-1
5 - (-1 + 2) - -2 - 2
4
Calculate -4 - (4 + 1 + -9) - 1.
-1
What is (-1 - 13) + 127 + -111?
2
What is -3 + (2 - -3 - 1)?
1
What is -19 - -18 - (-1 - (-1 + 1))?
0
Evaluate (8 - 7) + -4 + 1.
-2
Evaluate -5 + 5 - 1 - 0.
-1
Evaluate (-2 - (1 - 1 - -1)) + 1.
-2
What is the value of 9 + -2 + -2 - (-2 + 6)?
1
Evaluate -4 + (2 - (2 - 6)) - -3.
5
Evaluate -9 + 1 + 2 - -8.
2
-23 - -23 - (2 - 2 - 1)
1
-4 + 8 + -1 - (-2 + 1)
4
-60 + 57 + (-4 - 0)
-7
(18 - 11) + -3 + -4
0
What is 10 + 0 - (2 + 4)?
4
What is 2 + (6 + -4 + -9 - -2)?
-3
Calculate (2 - (2 + -6)) + -1.
5
Calculate -9 + 0 + 8 - (0 - 2).
1
-2 - ((-3 - -1) + -3)
3
Calculate (0 + 1 - (-6 - -6)) + -3.
-2
1 - 5 - (-1 - 5)
2
Evaluate -3 - (1 + (-3 - -2)).
-3
What is the value of 17 + 12 + -6 + -14?
9
Calculate -4 - (-4 + 2 + 0 + -5).
3
What is 1 - (6 + 2 + -5)?
-2
Calculate (3 - 7) + -3 - -5.
-2
Calculate -5 + 9 + 0 + -5.
-1
What is the value of (33 - 28) + (1 - 0)?
6
Evaluate -2 + 2 + (-2 - 0) - -3.
1
What is the value of (1 - 2 - -7) + -3?
3
-5 - ((-81 - -86) + (0 - 7))
-3
What is (6 + 5 - 8 - 3) + 5?
5
Evaluate 2 + -10 - (4 - (-2 - -10)).
-4
8 - (4 - 5 - -1)
8
Calculate 3 + -4 + 7 + -4 + -2.
0
Evaluate 0 - -5 - (8 - 0).
-3
(4 - 4 - 7) + (1 - -4)
-2
What is the value of (13 - 10) + 7 - (9 + -2)?
3
Evaluate 0 - -1 - ((6 - 16) + 7).
4
Evaluate (-5 - -7) + (1 - 0).
3
Calculate -6 - (-9 - -1 - (0 - -1)).
3
Calculate 0 - 0 - 1 - -2.
1
What is the value of -1 - 2 - (-9 + 4 + 3)?
-1
What is the value of -5 - -17 - 6 - 6?
0
What is (-4 - -15) + -21 - -14?
4
Evaluate -3 + -1 + 36 + -30.
2
What is (8 + -4 - 7) + 3?
0
-8 - (-13 - (1 - 2))
4
Calculate (2 - -1) + (-6 - -4).
1
-8 - (12 - 20) - 9
-9
Calculate 8 - (2 - 6 - (19 - 28)).
3
What is 2 - (15 + -9 - (-4 - 2))?
-10
Evaluate 22 + -18 + (-1 - -2 - 3).
2
What is -3 + 7 + 4 + -11?
-3
Calculate 11 + -18 + (13 - 6).
0
What is the value of -5 + -1 - ((-2 - 7) + 4)?
-1
What is the value of -1 - (7 - 3) - (-10 + 1)?
4
Calculate 9 - 9 - (-1 + 0) - 4.
-3
Calculate 0 - (0 - -4) - (35 - 39).
0
What is the value of 7 - 5 - (-2 + 6)?
-2
What is the value of -2 - (0 + -2) - 0?
0
Evaluate 12 + (-8 - 7) - (-1 + 0).
-2
-2 + 4 + 6 - 11
-3
(-2 - (1 - -4)) + -13 + 17
-3
What is the value of -5 + 7 + -1 - 2?
-1
Calculate (4 - -3) + -4 + 1.
4
What is (2 - 1) + -1 - 4?
-4
Calculate -2 - 3 - (-11 - -12).
-6
Evaluate 10 - ((-8 - (-1 - 0)) + 8).
9
Evaluate 6 - ((-5 - 1) + 8).
4
Evaluate -10 - (5 - (-5 + 15)).
-5
Calculate 4 - (5 - (3 + -11 + 4)).
-5
Evaluate (-3 - -1) + 5 + (-7 - -6).
2
What is -1 - (-3 + -1) - 7?
-4
What is the value of -3 + 10 + (-1 - 4) + 4?
6
Calculate 2 + 1 + -2 - -1.
2
What is 4 + (-2 - 4) - 2?
-4
Calculate -4 - ((0 - 0) + -3) - 4.
-5
Evaluate -6 + (-5 - 3 - -6) + 13.
5
What is the value of -4 - (0 + 3 + (-1 - -1))?
-7
What is the value of -4 + (-6 - -2 - -4) - -9?
5
What is the value of 7 + (-9 - -4 - -1)?
3
What is (17 + -7 - -6) + -9?
7
What is -5 - (-4 + -2 + 0 - -1)?
0
What is the value of (7 - 3) + -2 + 4 + -2?
4
Evaluate 1 + (22 + -24 - (0 + 2)).
-3
-8 - -4 - ((-3 - 5) + 7)
-3
What is the value of (-5 - (-4 + 1)) + 0 - -2?
0
3 + -1 + 1 + (15 - 20)
-2
What is the value of 4 + -6 + (0 - (1 + -3))?
0
Evaluate -6 - (-9 + -9) - (-3 + 10).
5
Calculate (1 - 1 - 5) + 16 - 3.
8
(2 - 4) + (12 - 6)
4
What is (1 - (2 + -1)) + (8 - 9)?
-1
Evaluate (-3 + -4 - -2 - -2) + 8.
5
Calculate -10 + 15 + 2 - (6 - -2).
-1
What is the value of 1 - (-4 - -4 - -4)?
-3
(-3 - -1) + 2 + (11 - 8)
3
3 + -6 + 3 - 4
-4
What is the value of 6 - 0 - 0 - 13?
-7
Calculate 8 - (2 + (3 - 2)).
5
What is the value of (1 - 0) + (7 - 6)?
2
7 + (-9 - -3 - -4)
5
13 + -14 + (0 - 0 - 2)
-3
Evaluate 0 - (-7 + (6 - 3) + -4).
8
What is the value of 6 + -9 + (0 - 1) + -2?
-6
What is -3 - (-2 + 7 - 4)?
-4
Calculate (-2 - 0) + 5 - -3 - 3.
3
What is the value of 7 + (-1 - 1) + (-1 - 3)?
1
What is -11 - -16 - (0 + 5)?
0
Evaluate 2 + 8 + -10 - (-3 - 0).
3
Evaluate 15 + -18 - (-4 + 0 + 1).
0
4 - (-6 + 9) - -2
3
What is -2 - ((-4 - 0) + -12 + 17)?
-3
Calculate -1 - 2 - (-20 - -21).
-4
What is the value of 1 + -1 + 9 + -7 + 3?
5
-2 + 0 - (10 + 15 + -22)
-5
What is the value of (2 - -3) + (-40 - -33)?
-2
What is the value of 2 + 4 + -6 - 3?
-3
9 - (10 + -7 + 5)
1
What is 1 + 9 + -8 + -6 - -5?
1
Evaluate -7 + (-1 - -3) + 0.
-5
0 - 1 - (-5 + 3)
1
41 + -40 + (-8 - (-2 - 1))
-4
-23 + 22 - (4 + 0 + -12)
7
1 + -5 + 2 + 0
-2
Calculate 1 + 3 + 2 + -2 - 9.
-5
Calculate -1 + -1 + -4 + 0 + 3.
-3
11 + (2 - 5) + -5 - 0
3
Evaluate (3 - 1) + (-55 - -53).
0
Evaluate -3 + (4 - ((-3 - -2) + 4)).
-2
1 + 0 - (-3 - 0 - -6)
-2
Calculate 4 + (2 - (4 + -1)).
3
What is 1 + (0 - (0 - (-3 - -4)))?
2
What is 29 - 24 - ((-3 - -10) + 1)?
-3
What is the value of -4 + 2 + 0 + -4 + 3?
-3
Evaluate -11 + -4 + 4 - -10.
-1
1 + (-2 - -3 - (-7 - -6))
3
Evaluate (-7 - (0 - 5)) + -2 + 0.
-4
7 + -11 + 6 + -4 - -2
0
What is the value of (1 - -7 - 3) + (3 - 10)?
-2
What is the value of -7 + 7 - 9 - -7 - 5?
-7
Evaluate 3 - 4 - (0 - 0 - 1).
0
-2 - (0 - (3 - 0 - 6))
-5
-3 + (1 - -2 - -3) - 2
1
What is 4 - 6 - (2 + 2 + -4)?
-2
What is (-2 - (-4 - -6)) + (3 - -1)?
0
What is the value of (7 - 5) + 1 - 8?
-5
Calculate (9 - 7 - -3) + 2 + -1.
6
What is 3 - ((-3 - -7 - 8) + 9)?
-2
Evaluate 4 - (1 + 8 + 0).
-5
What is the value of -2 - (-6 - (-8 + 5))?
1
Evaluate 0 + (-6 - -2) + -1.
-5
Calculate 3 + (-4 - -2) + 0.
1
What is the value of 1 + -7 - (-128 + 126)?
-4
-10 - 4 - ((4 - 2) + -9)
-7
What is 1 - -2 - (4 - 2)?
1
2 - (4 - (0 + -1 + 1))
-2
Evaluate 1 + 2 - (3 + 4).
-4
What is (11 - 0) + 3 + -4?
10
What is -1 - -7 - 13 - (2 + -11)?
2
Calculate 1 - (-2 + -4 + 2 + 4).
1
2 + -8 + 4 + 4
2
7 + 2 + -10 - 4
-5
Evaluate (3 - 15) + (-10 - -26).
4
Evaluate 2 + (2 - 2) - 3 - 0.
-1
Evaluate (6 - 4) + 1 + 1.
4
What is (13 - (-29 - -39)) + 6 + -1?
8
-8 + 15 + 8 + -5
10
What is the value of 0 + (1 + -1 - 2)?
-2
Evaluate 1 - 1 - (7 - 6).
-1
-1 + (3 - 7) + (3 - -1)
-1
Calculate (-1 - (0 - -8)) + 4.
-5
Calculate 7 - (-2 + -1 + -13 + 20).
3
What is -3 + -1 + 7 + -8 + 5?
0
Evaluate -17 - -19 - (-1 + -1).
4
What is the value of 3 - (1 + 5) - (-2 + 3)?
-4
Evaluate 1 + 9 + -8 + (-2 - -4).
4
What is the value of (0 - 1) + (4 - (4 + 1))?
-2
What is the value of 6 + -7 - (-7 + 5)?
1
4 + 3 + -12 - -3
-2
What is 2 - (2 + -3) - (15 - 7)?
-5
Calculate 0 - (-1 + 1) - (2 + -2).
0
-8 + 2 + (-1 - -4) + 9
6
-1 - ((-3 - -4) + 3)
-5
What is the value of 1 + (-2 - -3 - 3) - -5?
4
Calculate (3 - 11) + 2 + 6 - 7.
-7
Evaluate -6 - (5 - (13 - 3)).
-1
What is 5 - (-3 + 8) - 1?
-1
-6 - (1 + -5) - 1
-3
(-3 - -6) + -5 + -2
-4
What is -4 - (-1 + 0) - 4?
-7
-2 + -4 - -9 - -1
4
Evaluate -6 - ((0 - 12) + 3).
3
What is -5 - (-1 - (-9 + 18))?
5
What is 7 + (-12 - (3 + -8))?
0
-6 - (-8 - 7) - 2
7
Calculate -1 + -1 - (-88 - -79).
7
1 - (8 + -4 - (8 + 4))
9
What is the value of 7 - 9 - (0 + (1 - 0))?
-3
What is -6 - -4 - -6 - (10 - 5)?
-1
-4 + 0 + (-2 - -4)
-2
What is -12 - (14 + -29) - -7?
10
Evaluate -1 - 1 - (38 + -32).
-8
What is the value of -3 + -2 - -7 - 6?
-4
What is the value of 0 + (-2 - -5) - (-14 + 13)?
4
What is 1 + -8 + (5 - -5) + -9?
-6
What is 2 + -4 + (11 - 0) + -4?
5
43 + -57 + 2 + 1 - -6
-5
What is the value of (-3 - (-4 + 4)) + 5?
2
What is (-14 - -14) + (5 - 0)?
5
Calculate -8 - (-2 - (0 + 1)) - -1.
-4
What is -7 + 16 + -7 - 1?
1
What is 0 + (-2 - (-5 + 2)) + -5?
-4
77 + -76 - (-1 + (4 - 1))
-1
3 - 10 - -9 - 2
0
9 + -8 + (1 - 1)
1
Evaluate (1 - (4 + -2)) + -2 + -1.
-4
What is the value of -2 - (-7 + -1 + 6)?
0
What is 2 + (-3 - 0 - (-4 + 3))?
0
What is (-5 - (9 - 4)) + 0 + 5?
-5
What is the value of 4 + 3 + (1 + 2 - 4)?
